{"id":442,"date":"2025-08-31T20:20:12","date_gmt":"2025-08-31T18:20:12","guid":{"rendered":"http:\/\/as-de-pizz.fr\/?page_id=442"},"modified":"2025-08-31T20:20:39","modified_gmt":"2025-08-31T18:20:39","slug":"politique-de-confidentialite","status":"publish","type":"page","link":"https:\/\/as-de-pizz.fr\/?page_id=442","title":{"rendered":"Politique de confidentialit\u00e9"},"content":{"rendered":"\t\t<div data-elementor-type=\"wp-page\" data-elementor-id=\"442\" class=\"elementor elementor-442\" data-elementor-post-type=\"page\">\n\t\t\t\t<div class=\"elementor-element elementor-element-1e61522b e-flex e-con-boxed e-con e-parent\" data-id=\"1e61522b\" data-element_type=\"container\" data-e-type=\"container\">\n\t\t\t\t\t<div class=\"e-con-inner\">\n\t\t\t\t<div class=\"elementor-element elementor-element-452442ce elementor-widget elementor-widget-text-editor\" data-id=\"452442ce\" data-element_type=\"widget\" data-e-type=\"widget\" data-widget_type=\"text-editor.default\">\n\t\t\t\t\t\t\t\t\t\n<h1 class=\"wp-block-heading\">Politique de confidentialit\u00e9<\/h1>\n\n\n\n<p>La pr\u00e9sente politique de confidentialit\u00e9 d\u00e9crit la mani\u00e8re dont <strong>L\u2019As De Pizz<\/strong> traite les donn\u00e9es personnelles des utilisateurs de son site internet <em>as-de-pizz.fr<\/em>.<\/p>\n\n\n\n<h2 class=\"wp-block-heading\">1. Collecte des donn\u00e9es<\/h2>\n\n\n\n<p>Le site <em>as-de-pizz.fr<\/em> ne propose pas de formulaire de contact et ne collecte donc pas de donn\u00e9es personnelles de mani\u00e8re automatis\u00e9e.<br>Les seules informations personnelles susceptibles d\u2019\u00eatre recueillies sont celles que vous communiquez volontairement par t\u00e9l\u00e9phone ou par email (nom, coordonn\u00e9es, etc.).<\/p>\n\n\n\n<h2 class=\"wp-block-heading\">2. Finalit\u00e9 du traitement<\/h2>\n\n\n\n<p>Ces donn\u00e9es ne sont utilis\u00e9es que pour :<\/p>\n\n\n\n<ul class=\"wp-block-list\">\n<li>r\u00e9pondre \u00e0 vos demandes,<\/li>\n\n\n\n<li>assurer la gestion de vos commandes (dans le cadre d\u2019\u00e9changes par t\u00e9l\u00e9phone ou email).<\/li>\n<\/ul>\n\n\n\n<p>Elles ne sont jamais transmises \u00e0 des tiers \u00e0 des fins commerciales.<\/p>\n\n\n\n<h2 class=\"wp-block-heading\">3. Conservation des donn\u00e9es<\/h2>\n\n\n\n<p>Les donn\u00e9es transmises volontairement sont conserv\u00e9es uniquement le temps n\u00e9cessaire pour traiter vos demandes, puis supprim\u00e9es.<\/p>\n\n\n\n<h2 class=\"wp-block-heading\">4. Droits des utilisateurs<\/h2>\n\n\n\n<p>Conform\u00e9ment au <strong>R\u00e8glement G\u00e9n\u00e9ral sur la Protection des Donn\u00e9es (RGPD)<\/strong>, vous disposez des droits suivants :<\/p>\n\n\n\n<ul class=\"wp-block-list\">\n<li>Droit d\u2019acc\u00e8s \u00e0 vos donn\u00e9es,<\/li>\n\n\n\n<li>Droit de rectification,<\/li>\n\n\n\n<li>Droit de suppression,<\/li>\n\n\n\n<li>Droit d\u2019opposition au traitement.<\/li>\n<\/ul>\n\n\n\n<p>Pour exercer ces droits, vous pouvez contacter :<br><strong>Email :<\/strong> <a>cedrichertert@gmail.com<\/a><br><strong>Adresse :<\/strong> L\u2019As De Pizz \u2013 251 Route D\u00e9partementale 820 \u2013 82350 Albias<\/p>\n\n\n\n<h2 class=\"wp-block-heading\">5. Cookies<\/h2>\n\n\n\n<p>Le site <em>as-de-pizz.fr<\/em> utilise uniquement des cookies de mesure d\u2019audience via <strong>Google Analytics<\/strong>.<br>Ces cookies permettent d\u2019analyser la fr\u00e9quentation du site afin d\u2019am\u00e9liorer son contenu.<\/p>\n\n\n\n<p>Vous pouvez d\u00e9sactiver les cookies \u00e0 tout moment en configurant les param\u00e8tres de votre navigateur.<\/p>\n\n\n\n<h2 class=\"wp-block-heading\">6. S\u00e9curit\u00e9<\/h2>\n\n\n\n<p>L\u2019As De Pizz met en \u0153uvre des mesures techniques et organisationnelles pour prot\u00e9ger vos donn\u00e9es personnelles contre tout acc\u00e8s non autoris\u00e9, perte ou modification.<\/p>\n\t\t\t\t\t\t\t\t<\/div>\n\t\t\t\t\t<\/div>\n\t\t\t\t<\/div>\n\t\t\t\t<\/div>\n\t\t","protected":false},"excerpt":{"rendered":"<p>Politique de confidentialit\u00e9 La pr\u00e9sente politique de confidentialit\u00e9 d\u00e9crit la mani\u00e8re dont L\u2019As De Pizz traite les donn\u00e9es personnelles des utilisateurs de son site internet as-de-pizz.fr. 1. Collecte des donn\u00e9es Le site as-de-pizz.fr ne propose pas de formulaire de contact et ne collecte donc pas de donn\u00e9es personnelles de mani\u00e8re automatis\u00e9e.Les seules informations personnelles susceptibles [&hellip;]<\/p>\n","protected":false},"author":1,"featured_media":0,"parent":0,"menu_order":0,"comment_status":"closed","ping_status":"closed","template":"","meta":{"_acf_changed":false,"footnotes":""},"pizza_cat":[],"class_list":["post-442","page","type-page","status-publish","hentry"],"acf":[],"_links":{"self":[{"href":"https:\/\/as-de-pizz.fr\/index.php?rest_route=\/wp\/v2\/pages\/442","targetHints":{"allow":["GET"]}}],"collection":[{"href":"https:\/\/as-de-pizz.fr\/index.php?rest_route=\/wp\/v2\/pages"}],"about":[{"href":"https:\/\/as-de-pizz.fr\/index.php?rest_route=\/wp\/v2\/types\/page"}],"author":[{"embeddable":true,"href":"https:\/\/as-de-pizz.fr\/index.php?rest_route=\/wp\/v2\/users\/1"}],"replies":[{"embeddable":true,"href":"https:\/\/as-de-pizz.fr\/index.php?rest_route=%2Fwp%2Fv2%2Fcomments&post=442"}],"version-history":[{"count":4,"href":"https:\/\/as-de-pizz.fr\/index.php?rest_route=\/wp\/v2\/pages\/442\/revisions"}],"predecessor-version":[{"id":446,"href":"https:\/\/as-de-pizz.fr\/index.php?rest_route=\/wp\/v2\/pages\/442\/revisions\/446"}],"wp:attachment":[{"href":"https:\/\/as-de-pizz.fr\/index.php?rest_route=%2Fwp%2Fv2%2Fmedia&parent=442"}],"wp:term":[{"taxonomy":"pizza_cat","embeddable":true,"href":"https:\/\/as-de-pizz.fr\/index.php?rest_route=%2Fwp%2Fv2%2Fpizza_cat&post=442"}],"curies":[{"name":"wp","href":"https:\/\/api.w.org\/{rel}","templated":true}]}}